{"id":20922,"date":"2025-12-16T07:12:56","date_gmt":"2025-12-16T08:12:56","guid":{"rendered":"https:\/\/autobarbosa.com\/produto\/fato-omp-mecanico-summer-plus-2-vermelho-sz-46\/"},"modified":"2025-12-16T07:12:56","modified_gmt":"2025-12-16T08:12:56","slug":"fato-omp-mecanico-summer-plus-2-vermelho-sz-46","status":"publish","type":"product","link":"https:\/\/autobarbosa.com\/en\/produto\/fato-omp-mecanico-summer-plus-2-vermelho-sz-46\/","title":{"rendered":"FATO OMP MECANICO SUMMER PLUS 2 &#8211; VERMELHO SZ 46"},"content":{"rendered":"<p>Fato de mec\u00e2nico OMP Summer Plus 2 EVO<\/p>\n<p>Ligeira mudan\u00e7a de estilo em compara\u00e7\u00e3o com o Summer Plus 2.<br \/>\nMacac\u00e3o de mec\u00e2nico leve e dur\u00e1vel com cinto.<br \/>\nFecho de velcro ajust\u00e1vel nos tornozelos e mangas com refor\u00e7os el\u00e1sticos para maior conforto de uso.<br \/>\nGrandes bolsos frontais, bolso interno com fecho de velcro.<br \/>\nAcolchoamento na altura dos joelhos para grande conforto de uso em todos os tipos de terreno.<\/p>\n<p>Feito com uma mistura de poli\u00e9ster e algod\u00e3o.<br \/>\nCores: Preto, azul, vermelho.<br \/>\nTamanhos dispon\u00edveis: 44 a 64.<\/p>\n","protected":false},"excerpt":{"rendered":"<p>Fato de mec\u00e2nico OMP Summer Plus 2 EVO<\/p>\n<p>Ligeira mudan\u00e7a de estilo em compara\u00e7\u00e3o com o Summer Plus 2.<br \/>\nMacac\u00e3o de mec\u00e2nico leve e dur\u00e1vel com cinto.<br \/>\nFecho de velcro ajust\u00e1vel nos tornozelos e mangas com refor\u00e7os el\u00e1sticos para maior conforto de uso.<br \/>\nGrandes bolsos frontais, bolso interno com fecho de velcro.<br \/>\nAcolchoamento na altura dos joelhos para grande conforto de uso em todos os tipos de terreno.<\/p>\n<p>Feito com uma mistura de poli\u00e9ster e algod\u00e3o.<br \/>\nCores: Preto, azul, vermelho.<br \/>\nTamanhos dispon\u00edveis: 44 a 64.<\/p>\n","protected":false},"featured_media":0,"template":"","meta":[],"product_cat":[566],"product_tag":[],"marca":[171],"class_list":["post-20922","product","type-product","status-publish","hentry","product_cat-roupa-mecanico","marca-omp"],"yoast_head":"<!-- This site is optimized with the Yoast SEO plugin v20.5 - https:\/\/yoast.com\/wordpress\/plugins\/seo\/ -->\n<title>FATO OMP MECANICO SUMMER PLUS 2 - VERMELHO SZ 46 - Auto Barbosa<\/title>\n<meta name=\"robots\" content=\"index, follow, max-snippet:-1, max-image-preview:large, max-video-preview:-1\" \/>\n<link rel=\"canonical\" href=\"https:\/\/autobarbosa.com\/en\/produto\/fato-omp-mecanico-summer-plus-2-vermelho-sz-46\/\" \/>\n<meta property=\"og:locale\" content=\"en_US\" \/>\n<meta property=\"og:type\" content=\"article\" \/>\n<meta property=\"og:title\" content=\"FATO OMP MECANICO SUMMER PLUS 2 - VERMELHO SZ 46 - Auto Barbosa\" \/>\n<meta property=\"og:description\" content=\"Fato de mec\u00e2nico OMP Summer Plus 2 EVO  Ligeira mudan\u00e7a de estilo em compara\u00e7\u00e3o com o Summer Plus 2. Macac\u00e3o de mec\u00e2nico leve e dur\u00e1vel com cinto. Fecho de velcro ajust\u00e1vel nos tornozelos e mangas com refor\u00e7os el\u00e1sticos para maior conforto de uso. Grandes bolsos frontais, bolso interno com fecho de velcro. Acolchoamento na altura dos joelhos para grande conforto de uso em todos os tipos de terreno.  Feito com uma mistura de poli\u00e9ster e algod\u00e3o. Cores: Preto, azul, vermelho. Tamanhos dispon\u00edveis: 44 a 64.\" \/>\n<meta property=\"og:url\" content=\"https:\/\/autobarbosa.com\/en\/produto\/fato-omp-mecanico-summer-plus-2-vermelho-sz-46\/\" \/>\n<meta property=\"og:site_name\" content=\"Auto Barbosa\" \/>\n<meta property=\"article:publisher\" content=\"https:\/\/www.facebook.com\/autobarbosaoficina\" \/>\n<meta name=\"twitter:card\" content=\"summary_large_image\" \/>\n<script type=\"application\/ld+json\" class=\"yoast-schema-graph\">{\"@context\":\"https:\/\/schema.org\",\"@graph\":[{\"@type\":\"WebPage\",\"@id\":\"https:\/\/autobarbosa.com\/en\/produto\/fato-omp-mecanico-summer-plus-2-vermelho-sz-46\/\",\"url\":\"https:\/\/autobarbosa.com\/en\/produto\/fato-omp-mecanico-summer-plus-2-vermelho-sz-46\/\",\"name\":\"FATO OMP MECANICO SUMMER PLUS 2 - VERMELHO SZ 46 - Auto Barbosa\",\"isPartOf\":{\"@id\":\"https:\/\/autobarbosa.com\/en\/#website\"},\"datePublished\":\"2025-12-16T08:12:56+00:00\",\"dateModified\":\"2025-12-16T08:12:56+00:00\",\"breadcrumb\":{\"@id\":\"https:\/\/autobarbosa.com\/en\/produto\/fato-omp-mecanico-summer-plus-2-vermelho-sz-46\/#breadcrumb\"},\"inLanguage\":\"en-US\",\"potentialAction\":[{\"@type\":\"ReadAction\",\"target\":[\"https:\/\/autobarbosa.com\/en\/produto\/fato-omp-mecanico-summer-plus-2-vermelho-sz-46\/\"]}]},{\"@type\":\"BreadcrumbList\",\"@id\":\"https:\/\/autobarbosa.com\/en\/produto\/fato-omp-mecanico-summer-plus-2-vermelho-sz-46\/#breadcrumb\",\"itemListElement\":[{\"@type\":\"ListItem\",\"position\":1,\"name\":\"In\u00edcio\",\"item\":\"https:\/\/autobarbosa.com\/en\/\"},{\"@type\":\"ListItem\",\"position\":2,\"name\":\"Loja\",\"item\":\"https:\/\/autobarbosa.com\/\"},{\"@type\":\"ListItem\",\"position\":3,\"name\":\"FATO OMP MECANICO SUMMER PLUS 2 &#8211; VERMELHO SZ 46\"}]},{\"@type\":\"WebSite\",\"@id\":\"https:\/\/autobarbosa.com\/en\/#website\",\"url\":\"https:\/\/autobarbosa.com\/en\/\",\"name\":\"Auto Barbosa\",\"description\":\"Site institucional\",\"publisher\":{\"@id\":\"https:\/\/autobarbosa.com\/en\/#organization\"},\"potentialAction\":[{\"@type\":\"SearchAction\",\"target\":{\"@type\":\"EntryPoint\",\"urlTemplate\":\"https:\/\/autobarbosa.com\/en\/?s={search_term_string}\"},\"query-input\":\"required name=search_term_string\"}],\"inLanguage\":\"en-US\"},{\"@type\":\"Organization\",\"@id\":\"https:\/\/autobarbosa.com\/en\/#organization\",\"name\":\"Auto Barbosa\",\"url\":\"https:\/\/autobarbosa.com\/en\/\",\"logo\":{\"@type\":\"ImageObject\",\"inLanguage\":\"en-US\",\"@id\":\"https:\/\/autobarbosa.com\/en\/#\/schema\/logo\/image\/\",\"url\":\"https:\/\/autobarbosa.com\/wp-content\/uploads\/2023\/03\/AUTO-BARBOSA-LOGO-1-e1678715539111.png\",\"contentUrl\":\"https:\/\/autobarbosa.com\/wp-content\/uploads\/2023\/03\/AUTO-BARBOSA-LOGO-1-e1678715539111.png\",\"width\":3233,\"height\":3233,\"caption\":\"Auto Barbosa\"},\"image\":{\"@id\":\"https:\/\/autobarbosa.com\/en\/#\/schema\/logo\/image\/\"},\"sameAs\":[\"https:\/\/www.facebook.com\/autobarbosaoficina\",\"https:\/\/www.instagram.com\/autobarbosa.oficina\/\"]}]}<\/script>\n<!-- \/ Yoast SEO plugin. -->","yoast_head_json":{"title":"FATO OMP MECANICO SUMMER PLUS 2 - VERMELHO SZ 46 - Auto Barbosa","robots":{"index":"index","follow":"follow","max-snippet":"max-snippet:-1","max-image-preview":"max-image-preview:large","max-video-preview":"max-video-preview:-1"},"canonical":"https:\/\/autobarbosa.com\/en\/produto\/fato-omp-mecanico-summer-plus-2-vermelho-sz-46\/","og_locale":"en_US","og_type":"article","og_title":"FATO OMP MECANICO SUMMER PLUS 2 - VERMELHO SZ 46 - Auto Barbosa","og_description":"Fato de mec\u00e2nico OMP Summer Plus 2 EVO  Ligeira mudan\u00e7a de estilo em compara\u00e7\u00e3o com o Summer Plus 2. Macac\u00e3o de mec\u00e2nico leve e dur\u00e1vel com cinto. Fecho de velcro ajust\u00e1vel nos tornozelos e mangas com refor\u00e7os el\u00e1sticos para maior conforto de uso. Grandes bolsos frontais, bolso interno com fecho de velcro. Acolchoamento na altura dos joelhos para grande conforto de uso em todos os tipos de terreno.  Feito com uma mistura de poli\u00e9ster e algod\u00e3o. Cores: Preto, azul, vermelho. Tamanhos dispon\u00edveis: 44 a 64.","og_url":"https:\/\/autobarbosa.com\/en\/produto\/fato-omp-mecanico-summer-plus-2-vermelho-sz-46\/","og_site_name":"Auto Barbosa","article_publisher":"https:\/\/www.facebook.com\/autobarbosaoficina","twitter_card":"summary_large_image","schema":{"@context":"https:\/\/schema.org","@graph":[{"@type":"WebPage","@id":"https:\/\/autobarbosa.com\/en\/produto\/fato-omp-mecanico-summer-plus-2-vermelho-sz-46\/","url":"https:\/\/autobarbosa.com\/en\/produto\/fato-omp-mecanico-summer-plus-2-vermelho-sz-46\/","name":"FATO OMP MECANICO SUMMER PLUS 2 - VERMELHO SZ 46 - Auto Barbosa","isPartOf":{"@id":"https:\/\/autobarbosa.com\/en\/#website"},"datePublished":"2025-12-16T08:12:56+00:00","dateModified":"2025-12-16T08:12:56+00:00","breadcrumb":{"@id":"https:\/\/autobarbosa.com\/en\/produto\/fato-omp-mecanico-summer-plus-2-vermelho-sz-46\/#breadcrumb"},"inLanguage":"en-US","potentialAction":[{"@type":"ReadAction","target":["https:\/\/autobarbosa.com\/en\/produto\/fato-omp-mecanico-summer-plus-2-vermelho-sz-46\/"]}]},{"@type":"BreadcrumbList","@id":"https:\/\/autobarbosa.com\/en\/produto\/fato-omp-mecanico-summer-plus-2-vermelho-sz-46\/#breadcrumb","itemListElement":[{"@type":"ListItem","position":1,"name":"In\u00edcio","item":"https:\/\/autobarbosa.com\/en\/"},{"@type":"ListItem","position":2,"name":"Loja","item":"https:\/\/autobarbosa.com\/"},{"@type":"ListItem","position":3,"name":"FATO OMP MECANICO SUMMER PLUS 2 &#8211; VERMELHO SZ 46"}]},{"@type":"WebSite","@id":"https:\/\/autobarbosa.com\/en\/#website","url":"https:\/\/autobarbosa.com\/en\/","name":"Auto Barbosa","description":"Site institucional","publisher":{"@id":"https:\/\/autobarbosa.com\/en\/#organization"},"potentialAction":[{"@type":"SearchAction","target":{"@type":"EntryPoint","urlTemplate":"https:\/\/autobarbosa.com\/en\/?s={search_term_string}"},"query-input":"required name=search_term_string"}],"inLanguage":"en-US"},{"@type":"Organization","@id":"https:\/\/autobarbosa.com\/en\/#organization","name":"Auto Barbosa","url":"https:\/\/autobarbosa.com\/en\/","logo":{"@type":"ImageObject","inLanguage":"en-US","@id":"https:\/\/autobarbosa.com\/en\/#\/schema\/logo\/image\/","url":"https:\/\/autobarbosa.com\/wp-content\/uploads\/2023\/03\/AUTO-BARBOSA-LOGO-1-e1678715539111.png","contentUrl":"https:\/\/autobarbosa.com\/wp-content\/uploads\/2023\/03\/AUTO-BARBOSA-LOGO-1-e1678715539111.png","width":3233,"height":3233,"caption":"Auto Barbosa"},"image":{"@id":"https:\/\/autobarbosa.com\/en\/#\/schema\/logo\/image\/"},"sameAs":["https:\/\/www.facebook.com\/autobarbosaoficina","https:\/\/www.instagram.com\/autobarbosa.oficina\/"]}]}},"_links":{"self":[{"href":"https:\/\/autobarbosa.com\/en\/wp-json\/wp\/v3\/product\/20922","targetHints":{"allow":["GET"]}}],"collection":[{"href":"https:\/\/autobarbosa.com\/en\/wp-json\/wp\/v3\/product"}],"about":[{"href":"https:\/\/autobarbosa.com\/en\/wp-json\/wp\/v2\/types\/product"}],"wp:attachment":[{"href":"https:\/\/autobarbosa.com\/en\/wp-json\/wp\/v2\/media?parent=20922"}],"wp:term":[{"taxonomy":"product_cat","embeddable":true,"href":"https:\/\/autobarbosa.com\/en\/wp-json\/wp\/v2\/product_cat?post=20922"},{"taxonomy":"product_tag","embeddable":true,"href":"https:\/\/autobarbosa.com\/en\/wp-json\/wp\/v2\/product_tag?post=20922"},{"taxonomy":"marca","embeddable":true,"href":"https:\/\/autobarbosa.com\/en\/wp-json\/wp\/v2\/marca?post=20922"}],"curies":[{"name":"wp","href":"https:\/\/api.w.org\/{rel}","templated":true}]}}

<p>Fato de mecânico OMP Summer Plus 2 EVO</p>
<p>Ligeira mudança de estilo em comparação com o Summer Plus 2.<br />
Macacão de mecânico leve e durável com cinto.<br />
Fecho de velcro ajustável nos tornozelos e mangas com reforços elásticos para maior conforto de uso.<br />
Grandes bolsos frontais, bolso interno com fecho de velcro.<br />
Acolchoamento na altura dos joelhos para grande conforto de uso em todos os tipos de terreno.</p>
<p>Feito com uma mistura de poliéster e algodão.<br />
Cores: Preto, azul, vermelho.<br />
Tamanhos disponíveis: 44 a 64.</p>

<!-- This site is optimized with the Yoast SEO plugin v20.5 - https://yoast.com/wordpress/plugins/seo/ -->
<title>FATO OMP MECANICO SUMMER PLUS 2 - VERMELHO SZ 46 - Auto Barbosa</title>
<meta name="robots" content="index, follow, max-snippet:-1, max-image-preview:large, max-video-preview:-1" />
<link rel="canonical" href="https://autobarbosa.com/en/produto/fato-omp-mecanico-summer-plus-2-vermelho-sz-46/" />
<meta property="og:locale" content="en_US" />
<meta property="og:type" content="article" />
<meta property="og:title" content="FATO OMP MECANICO SUMMER PLUS 2 - VERMELHO SZ 46 - Auto Barbosa" />
<meta property="og:description" content="Fato de mecânico OMP Summer Plus 2 EVO  Ligeira mudança de estilo em comparação com o Summer Plus 2. Macacão de mecânico leve e durável com cinto. Fecho de velcro ajustável nos tornozelos e mangas com reforços elásticos para maior conforto de uso. Grandes bolsos frontais, bolso interno com fecho de velcro. Acolchoamento na altura dos joelhos para grande conforto de uso em todos os tipos de terreno.  Feito com uma mistura de poliéster e algodão. Cores: Preto, azul, vermelho. Tamanhos disponíveis: 44 a 64." />
<meta property="og:url" content="https://autobarbosa.com/en/produto/fato-omp-mecanico-summer-plus-2-vermelho-sz-46/" />
<meta property="og:site_name" content="Auto Barbosa" />
<meta property="article:publisher" content="https://www.facebook.com/autobarbosaoficina" />
<meta name="twitter:card" content="summary_large_image" />
<script type="application/ld+json" class="yoast-schema-graph">{"@context":"https://schema.org","@graph":[{"@type":"WebPage","@id":"https://autobarbosa.com/en/produto/fato-omp-mecanico-summer-plus-2-vermelho-sz-46/","url":"https://autobarbosa.com/en/produto/fato-omp-mecanico-summer-plus-2-vermelho-sz-46/","name":"FATO OMP MECANICO SUMMER PLUS 2 - VERMELHO SZ 46 - Auto Barbosa","isPartOf":{"@id":"https://autobarbosa.com/en/#website"},"datePublished":"2025-12-16T08:12:56+00:00","dateModified":"2025-12-16T08:12:56+00:00","breadcrumb":{"@id":"https://autobarbosa.com/en/produto/fato-omp-mecanico-summer-plus-2-vermelho-sz-46/#breadcrumb"},"inLanguage":"en-US","potentialAction":[{"@type":"ReadAction","target":["https://autobarbosa.com/en/produto/fato-omp-mecanico-summer-plus-2-vermelho-sz-46/"]}]},{"@type":"BreadcrumbList","@id":"https://autobarbosa.com/en/produto/fato-omp-mecanico-summer-plus-2-vermelho-sz-46/#breadcrumb","itemListElement":[{"@type":"ListItem","position":1,"name":"Início","item":"https://autobarbosa.com/en/"},{"@type":"ListItem","position":2,"name":"Loja","item":"https://autobarbosa.com/"},{"@type":"ListItem","position":3,"name":"FATO OMP MECANICO SUMMER PLUS 2 &#8211; VERMELHO SZ 46"}]},{"@type":"WebSite","@id":"https://autobarbosa.com/en/#website","url":"https://autobarbosa.com/en/","name":"Auto Barbosa","description":"Site institucional","publisher":{"@id":"https://autobarbosa.com/en/#organization"},"potentialAction":[{"@type":"SearchAction","target":{"@type":"EntryPoint","urlTemplate":"https://autobarbosa.com/en/?s={search_term_string}"},"query-input":"required name=search_term_string"}],"inLanguage":"en-US"},{"@type":"Organization","@id":"https://autobarbosa.com/en/#organization","name":"Auto Barbosa","url":"https://autobarbosa.com/en/","logo":{"@type":"ImageObject","inLanguage":"en-US","@id":"https://autobarbosa.com/en/#/schema/logo/image/","url":"https://autobarbosa.com/wp-content/uploads/2023/03/AUTO-BARBOSA-LOGO-1-e1678715539111.png","contentUrl":"https://autobarbosa.com/wp-content/uploads/2023/03/AUTO-BARBOSA-LOGO-1-e1678715539111.png","width":3233,"height":3233,"caption":"Auto Barbosa"},"image":{"@id":"https://autobarbosa.com/en/#/schema/logo/image/"},"sameAs":["https://www.facebook.com/autobarbosaoficina","https://www.instagram.com/autobarbosa.oficina/"]}]}</script>
<!-- / Yoast SEO plugin. -->

Fato de mecânico OMP Summer Plus 2 EVO  Ligeira mudança de estilo em comparação com o Summer Plus 2. Macacão de mecânico leve e durável com cinto. Fecho de velcro ajustável nos tornozelos e mangas com reforços elásticos para maior conforto de uso. Grandes bolsos frontais, bolso interno com fecho de velcro. Acolchoamento na altura dos joelhos para grande conforto de uso em todos os tipos de terreno.  Feito com uma mistura de poliéster e algodão. Cores: Preto, azul, vermelho. Tamanhos disponíveis: 44 a 64.

Início
