{"id":23652,"date":"2026-01-28T19:17:30","date_gmt":"2026-01-28T20:17:30","guid":{"rendered":"https:\/\/autobarbosa.com\/produto\/mochila-sparco-stage-preto-alcas-vermelho-16lt\/"},"modified":"2026-01-28T19:17:30","modified_gmt":"2026-01-28T20:17:30","slug":"mochila-sparco-stage-preto-alcas-vermelho-16lt","status":"publish","type":"product","link":"https:\/\/autobarbosa.com\/en\/produto\/mochila-sparco-stage-preto-alcas-vermelho-16lt\/","title":{"rendered":"MOCHILA SPARCO STAGE PRETO &#8211; AL\u00c7AS VERMELHO &#8211; 16LT"},"content":{"rendered":"<p>Mochila SPARCO Stage em Preto e Vermelho:<\/p>\n<p>A SPARCO apresenta a sua mais recente adi\u00e7\u00e3o \u00e0 gama de malas compactas, a mochila Stage!<br \/>\nErgon\u00f3mica e confort\u00e1vel, com um painel traseiro ergon\u00f3mico forrado a malha respir\u00e1vel, \u00e9 tamb\u00e9m muito pr\u00e1tica, com uma al\u00e7a horizontal para acoplar uma pega telesc\u00f3pica para malas de viagem.<br \/>\nF\u00e1cil de transportar gra\u00e7as \u00e0 sua pega, mant\u00e9m um visual elegante com al\u00e7as de ombro que lembram os arneses da marca. Inser\u00e7\u00f5es de alta visibilidade garantem que seja visto mesmo em condi\u00e7\u00f5es de pouca luz.<br \/>\nA SPARCO tamb\u00e9m equipou esta mochila com um compartimento dedicado para port\u00e1teis at\u00e9 15 polegadas.<\/p>\n<p>Dimens\u00f5es: 40 cm x 30 cm x 14 cm.<br \/>\nPeso: 0,76 kg.<br \/>\nCapacidade: 16 litros.<br \/>\nMaterial: Poli\u00e9ster.<\/p>\n","protected":false},"excerpt":{"rendered":"<p>Mochila SPARCO Stage em Preto e Vermelho:<\/p>\n<p>A SPARCO apresenta a sua mais recente adi\u00e7\u00e3o \u00e0 gama de malas compactas, a mochila Stage!<br \/>\nErgon\u00f3mica e confort\u00e1vel, com um painel traseiro ergon\u00f3mico forrado a malha respir\u00e1vel, \u00e9 tamb\u00e9m muito pr\u00e1tica, com uma al\u00e7a horizontal para acoplar uma pega telesc\u00f3pica para malas de viagem.<br \/>\nF\u00e1cil de transportar gra\u00e7as \u00e0 sua pega, mant\u00e9m um visual elegante com al\u00e7as de ombro que lembram os arneses da marca. Inser\u00e7\u00f5es de alta visibilidade garantem que seja visto mesmo em condi\u00e7\u00f5es de pouca luz.<br \/>\nA SPARCO tamb\u00e9m equipou esta mochila com um compartimento dedicado para port\u00e1teis at\u00e9 15 polegadas.<\/p>\n<p>Dimens\u00f5es: 40 cm x 30 cm x 14 cm.<br \/>\nPeso: 0,76 kg.<br \/>\nCapacidade: 16 litros.<br \/>\nMaterial: Poli\u00e9ster.<\/p>\n","protected":false},"featured_media":0,"template":"","meta":[],"product_cat":[534],"product_tag":[],"marca":[172],"class_list":["post-23652","product","type-product","status-publish","hentry","product_cat-co-piloto","marca-sparco"],"yoast_head":"<!-- This site is optimized with the Yoast SEO plugin v20.5 - https:\/\/yoast.com\/wordpress\/plugins\/seo\/ -->\n<title>MOCHILA SPARCO STAGE PRETO - AL\u00c7AS VERMELHO - 16LT - Auto Barbosa<\/title>\n<meta name=\"robots\" content=\"index, follow, max-snippet:-1, max-image-preview:large, max-video-preview:-1\" \/>\n<link rel=\"canonical\" href=\"https:\/\/autobarbosa.com\/en\/produto\/mochila-sparco-stage-preto-alcas-vermelho-16lt\/\" \/>\n<meta property=\"og:locale\" content=\"en_US\" \/>\n<meta property=\"og:type\" content=\"article\" \/>\n<meta property=\"og:title\" content=\"MOCHILA SPARCO STAGE PRETO - AL\u00c7AS VERMELHO - 16LT - Auto Barbosa\" \/>\n<meta property=\"og:description\" content=\"Mochila SPARCO Stage em Preto e Vermelho:  A SPARCO apresenta a sua mais recente adi\u00e7\u00e3o \u00e0 gama de malas compactas, a mochila Stage! Ergon\u00f3mica e confort\u00e1vel, com um painel traseiro ergon\u00f3mico forrado a malha respir\u00e1vel, \u00e9 tamb\u00e9m muito pr\u00e1tica, com uma al\u00e7a horizontal para acoplar uma pega telesc\u00f3pica para malas de viagem. F\u00e1cil de transportar gra\u00e7as \u00e0 sua pega, mant\u00e9m um visual elegante com al\u00e7as de ombro que lembram os arneses da marca. Inser\u00e7\u00f5es de alta visibilidade garantem que seja visto mesmo em condi\u00e7\u00f5es de pouca luz. A SPARCO tamb\u00e9m equipou esta mochila com um compartimento dedicado para port\u00e1teis at\u00e9 15 polegadas.  Dimens\u00f5es: 40 cm x 30 cm x 14 cm. Peso: 0,76 kg. Capacidade: 16 litros. Material: Poli\u00e9ster.\" \/>\n<meta property=\"og:url\" content=\"https:\/\/autobarbosa.com\/en\/produto\/mochila-sparco-stage-preto-alcas-vermelho-16lt\/\" \/>\n<meta property=\"og:site_name\" content=\"Auto Barbosa\" \/>\n<meta property=\"article:publisher\" content=\"https:\/\/www.facebook.com\/autobarbosaoficina\" \/>\n<meta name=\"twitter:card\" content=\"summary_large_image\" \/>\n<meta name=\"twitter:label1\" content=\"Est. reading time\" \/>\n\t<meta name=\"twitter:data1\" content=\"1 minute\" \/>\n<script type=\"application\/ld+json\" class=\"yoast-schema-graph\">{\"@context\":\"https:\/\/schema.org\",\"@graph\":[{\"@type\":\"WebPage\",\"@id\":\"https:\/\/autobarbosa.com\/en\/produto\/mochila-sparco-stage-preto-alcas-vermelho-16lt\/\",\"url\":\"https:\/\/autobarbosa.com\/en\/produto\/mochila-sparco-stage-preto-alcas-vermelho-16lt\/\",\"name\":\"MOCHILA SPARCO STAGE PRETO - AL\u00c7AS VERMELHO - 16LT - Auto Barbosa\",\"isPartOf\":{\"@id\":\"https:\/\/autobarbosa.com\/en\/#website\"},\"datePublished\":\"2026-01-28T20:17:30+00:00\",\"dateModified\":\"2026-01-28T20:17:30+00:00\",\"breadcrumb\":{\"@id\":\"https:\/\/autobarbosa.com\/en\/produto\/mochila-sparco-stage-preto-alcas-vermelho-16lt\/#breadcrumb\"},\"inLanguage\":\"en-US\",\"potentialAction\":[{\"@type\":\"ReadAction\",\"target\":[\"https:\/\/autobarbosa.com\/en\/produto\/mochila-sparco-stage-preto-alcas-vermelho-16lt\/\"]}]},{\"@type\":\"BreadcrumbList\",\"@id\":\"https:\/\/autobarbosa.com\/en\/produto\/mochila-sparco-stage-preto-alcas-vermelho-16lt\/#breadcrumb\",\"itemListElement\":[{\"@type\":\"ListItem\",\"position\":1,\"name\":\"In\u00edcio\",\"item\":\"https:\/\/autobarbosa.com\/en\/\"},{\"@type\":\"ListItem\",\"position\":2,\"name\":\"Loja\",\"item\":\"https:\/\/autobarbosa.com\/\"},{\"@type\":\"ListItem\",\"position\":3,\"name\":\"MOCHILA SPARCO STAGE PRETO &#8211; AL\u00c7AS VERMELHO &#8211; 16LT\"}]},{\"@type\":\"WebSite\",\"@id\":\"https:\/\/autobarbosa.com\/en\/#website\",\"url\":\"https:\/\/autobarbosa.com\/en\/\",\"name\":\"Auto Barbosa\",\"description\":\"Site institucional\",\"publisher\":{\"@id\":\"https:\/\/autobarbosa.com\/en\/#organization\"},\"potentialAction\":[{\"@type\":\"SearchAction\",\"target\":{\"@type\":\"EntryPoint\",\"urlTemplate\":\"https:\/\/autobarbosa.com\/en\/?s={search_term_string}\"},\"query-input\":\"required name=search_term_string\"}],\"inLanguage\":\"en-US\"},{\"@type\":\"Organization\",\"@id\":\"https:\/\/autobarbosa.com\/en\/#organization\",\"name\":\"Auto Barbosa\",\"url\":\"https:\/\/autobarbosa.com\/en\/\",\"logo\":{\"@type\":\"ImageObject\",\"inLanguage\":\"en-US\",\"@id\":\"https:\/\/autobarbosa.com\/en\/#\/schema\/logo\/image\/\",\"url\":\"https:\/\/autobarbosa.com\/wp-content\/uploads\/2023\/03\/AUTO-BARBOSA-LOGO-1-e1678715539111.png\",\"contentUrl\":\"https:\/\/autobarbosa.com\/wp-content\/uploads\/2023\/03\/AUTO-BARBOSA-LOGO-1-e1678715539111.png\",\"width\":3233,\"height\":3233,\"caption\":\"Auto Barbosa\"},\"image\":{\"@id\":\"https:\/\/autobarbosa.com\/en\/#\/schema\/logo\/image\/\"},\"sameAs\":[\"https:\/\/www.facebook.com\/autobarbosaoficina\",\"https:\/\/www.instagram.com\/autobarbosa.oficina\/\"]}]}<\/script>\n<!-- \/ Yoast SEO plugin. -->","yoast_head_json":{"title":"MOCHILA SPARCO STAGE PRETO - AL\u00c7AS VERMELHO - 16LT - Auto Barbosa","robots":{"index":"index","follow":"follow","max-snippet":"max-snippet:-1","max-image-preview":"max-image-preview:large","max-video-preview":"max-video-preview:-1"},"canonical":"https:\/\/autobarbosa.com\/en\/produto\/mochila-sparco-stage-preto-alcas-vermelho-16lt\/","og_locale":"en_US","og_type":"article","og_title":"MOCHILA SPARCO STAGE PRETO - AL\u00c7AS VERMELHO - 16LT - Auto Barbosa","og_description":"Mochila SPARCO Stage em Preto e Vermelho:  A SPARCO apresenta a sua mais recente adi\u00e7\u00e3o \u00e0 gama de malas compactas, a mochila Stage! Ergon\u00f3mica e confort\u00e1vel, com um painel traseiro ergon\u00f3mico forrado a malha respir\u00e1vel, \u00e9 tamb\u00e9m muito pr\u00e1tica, com uma al\u00e7a horizontal para acoplar uma pega telesc\u00f3pica para malas de viagem. F\u00e1cil de transportar gra\u00e7as \u00e0 sua pega, mant\u00e9m um visual elegante com al\u00e7as de ombro que lembram os arneses da marca. Inser\u00e7\u00f5es de alta visibilidade garantem que seja visto mesmo em condi\u00e7\u00f5es de pouca luz. A SPARCO tamb\u00e9m equipou esta mochila com um compartimento dedicado para port\u00e1teis at\u00e9 15 polegadas.  Dimens\u00f5es: 40 cm x 30 cm x 14 cm. Peso: 0,76 kg. Capacidade: 16 litros. Material: Poli\u00e9ster.","og_url":"https:\/\/autobarbosa.com\/en\/produto\/mochila-sparco-stage-preto-alcas-vermelho-16lt\/","og_site_name":"Auto Barbosa","article_publisher":"https:\/\/www.facebook.com\/autobarbosaoficina","twitter_card":"summary_large_image","twitter_misc":{"Est. reading time":"1 minute"},"schema":{"@context":"https:\/\/schema.org","@graph":[{"@type":"WebPage","@id":"https:\/\/autobarbosa.com\/en\/produto\/mochila-sparco-stage-preto-alcas-vermelho-16lt\/","url":"https:\/\/autobarbosa.com\/en\/produto\/mochila-sparco-stage-preto-alcas-vermelho-16lt\/","name":"MOCHILA SPARCO STAGE PRETO - AL\u00c7AS VERMELHO - 16LT - Auto Barbosa","isPartOf":{"@id":"https:\/\/autobarbosa.com\/en\/#website"},"datePublished":"2026-01-28T20:17:30+00:00","dateModified":"2026-01-28T20:17:30+00:00","breadcrumb":{"@id":"https:\/\/autobarbosa.com\/en\/produto\/mochila-sparco-stage-preto-alcas-vermelho-16lt\/#breadcrumb"},"inLanguage":"en-US","potentialAction":[{"@type":"ReadAction","target":["https:\/\/autobarbosa.com\/en\/produto\/mochila-sparco-stage-preto-alcas-vermelho-16lt\/"]}]},{"@type":"BreadcrumbList","@id":"https:\/\/autobarbosa.com\/en\/produto\/mochila-sparco-stage-preto-alcas-vermelho-16lt\/#breadcrumb","itemListElement":[{"@type":"ListItem","position":1,"name":"In\u00edcio","item":"https:\/\/autobarbosa.com\/en\/"},{"@type":"ListItem","position":2,"name":"Loja","item":"https:\/\/autobarbosa.com\/"},{"@type":"ListItem","position":3,"name":"MOCHILA SPARCO STAGE PRETO &#8211; AL\u00c7AS VERMELHO &#8211; 16LT"}]},{"@type":"WebSite","@id":"https:\/\/autobarbosa.com\/en\/#website","url":"https:\/\/autobarbosa.com\/en\/","name":"Auto Barbosa","description":"Site institucional","publisher":{"@id":"https:\/\/autobarbosa.com\/en\/#organization"},"potentialAction":[{"@type":"SearchAction","target":{"@type":"EntryPoint","urlTemplate":"https:\/\/autobarbosa.com\/en\/?s={search_term_string}"},"query-input":"required name=search_term_string"}],"inLanguage":"en-US"},{"@type":"Organization","@id":"https:\/\/autobarbosa.com\/en\/#organization","name":"Auto Barbosa","url":"https:\/\/autobarbosa.com\/en\/","logo":{"@type":"ImageObject","inLanguage":"en-US","@id":"https:\/\/autobarbosa.com\/en\/#\/schema\/logo\/image\/","url":"https:\/\/autobarbosa.com\/wp-content\/uploads\/2023\/03\/AUTO-BARBOSA-LOGO-1-e1678715539111.png","contentUrl":"https:\/\/autobarbosa.com\/wp-content\/uploads\/2023\/03\/AUTO-BARBOSA-LOGO-1-e1678715539111.png","width":3233,"height":3233,"caption":"Auto Barbosa"},"image":{"@id":"https:\/\/autobarbosa.com\/en\/#\/schema\/logo\/image\/"},"sameAs":["https:\/\/www.facebook.com\/autobarbosaoficina","https:\/\/www.instagram.com\/autobarbosa.oficina\/"]}]}},"_links":{"self":[{"href":"https:\/\/autobarbosa.com\/en\/wp-json\/wp\/v3\/product\/23652","targetHints":{"allow":["GET"]}}],"collection":[{"href":"https:\/\/autobarbosa.com\/en\/wp-json\/wp\/v3\/product"}],"about":[{"href":"https:\/\/autobarbosa.com\/en\/wp-json\/wp\/v2\/types\/product"}],"wp:attachment":[{"href":"https:\/\/autobarbosa.com\/en\/wp-json\/wp\/v2\/media?parent=23652"}],"wp:term":[{"taxonomy":"product_cat","embeddable":true,"href":"https:\/\/autobarbosa.com\/en\/wp-json\/wp\/v2\/product_cat?post=23652"},{"taxonomy":"product_tag","embeddable":true,"href":"https:\/\/autobarbosa.com\/en\/wp-json\/wp\/v2\/product_tag?post=23652"},{"taxonomy":"marca","embeddable":true,"href":"https:\/\/autobarbosa.com\/en\/wp-json\/wp\/v2\/marca?post=23652"}],"curies":[{"name":"wp","href":"https:\/\/api.w.org\/{rel}","templated":true}]}}

MOCHILA SPARCO STAGE PRETO &#8211; ALÇAS VERMELHO &#8211; 16LT

<p>Mochila SPARCO Stage em Preto e Vermelho:</p>
<p>A SPARCO apresenta a sua mais recente adição à gama de malas compactas, a mochila Stage!<br />
Ergonómica e confortável, com um painel traseiro ergonómico forrado a malha respirável, é também muito prática, com uma alça horizontal para acoplar uma pega telescópica para malas de viagem.<br />
Fácil de transportar graças à sua pega, mantém um visual elegante com alças de ombro que lembram os arneses da marca. Inserções de alta visibilidade garantem que seja visto mesmo em condições de pouca luz.<br />
A SPARCO também equipou esta mochila com um compartimento dedicado para portáteis até 15 polegadas.</p>
<p>Dimensões: 40 cm x 30 cm x 14 cm.<br />
Peso: 0,76 kg.<br />
Capacidade: 16 litros.<br />
Material: Poliéster.</p>

<!-- This site is optimized with the Yoast SEO plugin v20.5 - https://yoast.com/wordpress/plugins/seo/ -->
<title>MOCHILA SPARCO STAGE PRETO - ALÇAS VERMELHO - 16LT - Auto Barbosa</title>
<meta name="robots" content="index, follow, max-snippet:-1, max-image-preview:large, max-video-preview:-1" />
<link rel="canonical" href="https://autobarbosa.com/en/produto/mochila-sparco-stage-preto-alcas-vermelho-16lt/" />
<meta property="og:locale" content="en_US" />
<meta property="og:type" content="article" />
<meta property="og:title" content="MOCHILA SPARCO STAGE PRETO - ALÇAS VERMELHO - 16LT - Auto Barbosa" />
<meta property="og:description" content="Mochila SPARCO Stage em Preto e Vermelho:  A SPARCO apresenta a sua mais recente adição à gama de malas compactas, a mochila Stage! Ergonómica e confortável, com um painel traseiro ergonómico forrado a malha respirável, é também muito prática, com uma alça horizontal para acoplar uma pega telescópica para malas de viagem. Fácil de transportar graças à sua pega, mantém um visual elegante com alças de ombro que lembram os arneses da marca. Inserções de alta visibilidade garantem que seja visto mesmo em condições de pouca luz. A SPARCO também equipou esta mochila com um compartimento dedicado para portáteis até 15 polegadas.  Dimensões: 40 cm x 30 cm x 14 cm. Peso: 0,76 kg. Capacidade: 16 litros. Material: Poliéster." />
<meta property="og:url" content="https://autobarbosa.com/en/produto/mochila-sparco-stage-preto-alcas-vermelho-16lt/" />
<meta property="og:site_name" content="Auto Barbosa" />
<meta property="article:publisher" content="https://www.facebook.com/autobarbosaoficina" />
<meta name="twitter:card" content="summary_large_image" />
<meta name="twitter:label1" content="Est. reading time" />
	<meta name="twitter:data1" content="1 minute" />
<script type="application/ld+json" class="yoast-schema-graph">{"@context":"https://schema.org","@graph":[{"@type":"WebPage","@id":"https://autobarbosa.com/en/produto/mochila-sparco-stage-preto-alcas-vermelho-16lt/","url":"https://autobarbosa.com/en/produto/mochila-sparco-stage-preto-alcas-vermelho-16lt/","name":"MOCHILA SPARCO STAGE PRETO - ALÇAS VERMELHO - 16LT - Auto Barbosa","isPartOf":{"@id":"https://autobarbosa.com/en/#website"},"datePublished":"2026-01-28T20:17:30+00:00","dateModified":"2026-01-28T20:17:30+00:00","breadcrumb":{"@id":"https://autobarbosa.com/en/produto/mochila-sparco-stage-preto-alcas-vermelho-16lt/#breadcrumb"},"inLanguage":"en-US","potentialAction":[{"@type":"ReadAction","target":["https://autobarbosa.com/en/produto/mochila-sparco-stage-preto-alcas-vermelho-16lt/"]}]},{"@type":"BreadcrumbList","@id":"https://autobarbosa.com/en/produto/mochila-sparco-stage-preto-alcas-vermelho-16lt/#breadcrumb","itemListElement":[{"@type":"ListItem","position":1,"name":"Início","item":"https://autobarbosa.com/en/"},{"@type":"ListItem","position":2,"name":"Loja","item":"https://autobarbosa.com/"},{"@type":"ListItem","position":3,"name":"MOCHILA SPARCO STAGE PRETO &#8211; ALÇAS VERMELHO &#8211; 16LT"}]},{"@type":"WebSite","@id":"https://autobarbosa.com/en/#website","url":"https://autobarbosa.com/en/","name":"Auto Barbosa","description":"Site institucional","publisher":{"@id":"https://autobarbosa.com/en/#organization"},"potentialAction":[{"@type":"SearchAction","target":{"@type":"EntryPoint","urlTemplate":"https://autobarbosa.com/en/?s={search_term_string}"},"query-input":"required name=search_term_string"}],"inLanguage":"en-US"},{"@type":"Organization","@id":"https://autobarbosa.com/en/#organization","name":"Auto Barbosa","url":"https://autobarbosa.com/en/","logo":{"@type":"ImageObject","inLanguage":"en-US","@id":"https://autobarbosa.com/en/#/schema/logo/image/","url":"https://autobarbosa.com/wp-content/uploads/2023/03/AUTO-BARBOSA-LOGO-1-e1678715539111.png","contentUrl":"https://autobarbosa.com/wp-content/uploads/2023/03/AUTO-BARBOSA-LOGO-1-e1678715539111.png","width":3233,"height":3233,"caption":"Auto Barbosa"},"image":{"@id":"https://autobarbosa.com/en/#/schema/logo/image/"},"sameAs":["https://www.facebook.com/autobarbosaoficina","https://www.instagram.com/autobarbosa.oficina/"]}]}</script>
<!-- / Yoast SEO plugin. -->

MOCHILA SPARCO STAGE PRETO - ALÇAS VERMELHO - 16LT - Auto Barbosa

Mochila SPARCO Stage em Preto e Vermelho:  A SPARCO apresenta a sua mais recente adição à gama de malas compactas, a mochila Stage! Ergonómica e confortável, com um painel traseiro ergonómico forrado a malha respirável, é também muito prática, com uma alça horizontal para acoplar uma pega telescópica para malas de viagem. Fácil de transportar graças à sua pega, mantém um visual elegante com alças de ombro que lembram os arneses da marca. Inserções de alta visibilidade garantem que seja visto mesmo em condições de pouca luz. A SPARCO também equipou esta mochila com um compartimento dedicado para portáteis até 15 polegadas.  Dimensões: 40 cm x 30 cm x 14 cm. Peso: 0,76 kg. Capacidade: 16 litros. Material: Poliéster.

Início
